et p(i) = -2*i - 4*i + z*i + 6. Suppose -y - 4 = -t, 2*t + y = -9 + 17. Give p(t).
-10
Let t(c) = 5*c + 4. Let h = -944 + 935. What is t(h)?
-41
Let s = -186 - -181. Let b(a) be the third derivative of -a**4/24 + 5*a**3/6 - 7*a**2. Calculate b(s).
10
Let l(o) = -4*o + 4. Let k be (18/(-81) - 2/(-9)) + -9. Calculate l(k).
40
Suppose 9 = i - 4*i. Let c(m) be the third derivative of -m**5/60 - m**4/24 - m**3/2 + 498*m**2. What is c(i)?
-9
Let a(z) = -3*z**2 + 2*z + 13. Let p(y) = 13*y**2 - 9*y - 54. Let b(k) = -9*a(k) - 2*p(k). Give b(0).
-9
Suppose -37 - 5 = -3*s. Let l(d) = d**2 - 15*d + 21. What is l(s)?
7
Let t = -18 + 23. Suppose t*l = 4*k - 10 - 20, 2*k - 2 = -4*l. Let p(q) be the third derivative of q**6/120 - q**5/60 - q**4/12 - q**3/6 + 3*q**2. What is p(l)?
-9
Let w(r) = -2*r**2 + r - 1. Let g(i) = -i**2 - 9*i - 22. Let h be g(-5). What is w(h)?
-11
Let o(d) = -10*d**3 - 2*d**2 - 2*d - 1. Suppose -m + 3*b - 1 = 0, 4*m + b - 2 = -6. Determine o(m).
9
Suppose -n = -0*n - 7. Let d(q) = -2*q - 6. Let x(u) = -2*u + 29. Let z be x(13). Let t(l) = l + 3. Let o(h) = n*t(h) + z*d(h). What is o(-5)?
-2
Let b(u) = -u**3 - 6*u**2 - 4. Suppose 5*n = 2*a + 12, 5*a - 21 = -5*n + 19. Let j be -4*(-1)/n*2. Suppose 3*g + 5 + 5 = -4*r, -j = -g - 4*r. Give b(g).
-4
Let o(w) = w**3 - 15*w**2 - 5*w + 21. Let v(p) = -p**2 + 2*p + 1. Let g(r) = o(r) - 4*v(r). What is g(12)?
5
Let p(n) = 11*n**3. Let m be p(2). Suppose -8*h = -m - 16. Let g(l) = -l + 18. Determine g(h).
5
Let s(a) = 6*a**2 + 10*a - 7. Let r(q) = 2*q**2 + 3*q - 3. Let h(k) = -17*r(k) + 6*s(k). Suppose 0 = 5*x - 10, -14*v + 11*v = 4*x + 10. Calculate h(v).
27
Suppose -5*n + 3*n = -12. Let i(g) = g**2 + 15 - 1 - 6*g - n. What is i(6)?
8
Let p(r) = -837*r + 1. Let u be p(-3). Let y(t) = -5 + 2507*t**2 + t**3 + 0 + 2*t - u*t**2. What is y(4)?
-13
Let r(s) be the second derivative of -s**5/20 + s**4/2 - s**3/6 + 9*s**2/2 - 404*s. What is r(6)?
3
Let x(d) = -5. Let a(j) = -j + 6. Let y(b) = -4*a(b) - 3*x(b). Determine y(3).
3
Let g(q) = 3 - 1416*q + 712*q + 713*q. Calculate g(4).
39
Let i(m) = -4*m - 3. Let t be 3*-1 - 416/(-26). Suppose -4*v = 48 + 20. Let p = v + t. Calculate i(p).
13
Let w(z) = -z**3 - 4*z**2 - 2*z + 1. Suppose 2*i - 9 = 1. Suppose g + i*r - 21 = 0, 0 = -5*g + 3*r - 19 - 16. Give w(g).
9
Let f(s) be the second derivative of -s**4/6 + 2*s**3/3 - 3*s**2 - 480*s. What is f(2)?
-6
Let h(d) be the second derivative of d**5/10 + 5*d**4/12 - 2*d**3/3 - d**2/2 - 9*d + 1. Determine h(-4).
-33
Let f(d) = -6*d + 3. Let p = 10 - 12. Let y be (-7)/(-2) + p/(-4). Suppose 4*v = -4*z, z + y*z + 3*v - 6 = 0. Determine f(z).
-15
Let b(g) = -16*g - 183. Let y be b(-12). Let t(j) = -j**3 + 10*j**2 - 11*j + 5. Determine t(y).
-13
Let r(y) be the second derivative of y**3/6 - 7*y**2/2 + 107*y. Determine r(5).
-2
Let i be 322/(-92)*(5/7 + -1). Let n(u) = 4*u**3 + 2*u - 2. Calculate n(i).
4
Let g = -4257 - -4252. Let s(d) = 7*d**3 + 10*d**2 - 11*d + 5. Let y(q) = q**3 + q**2 - q. Let f(p) = s(p) - 6*y(p). Give f(g).
5
Let i(u) = -u**3 + 21*u**2 + u - 24. Let q be i(21). Let a(m) = m**2 - 4. Determine a(q).
5
Let t(g) be the first derivative of 5*g**2/2 - 74. Give t(-3).
-15
Let q = -1 - 0. Let m(l) = -l**2 - l + 1. Let h(y) = -y**3 - 4*y - 1. Let w(b) = b**3 + b + 1. Let v(z) = h(z) + 3*w(z). Let p(n) = 2*m(n) - v(n). Give p(q).
1
Let l(o) be the second derivative of -o**4/6 - o**3/3 + o**2 - 41*o. Let s be l(2). Let p(m) = m**2 + 11*m + 4. Give p(s).
-6
Let v = -19 + 24. Suppose 0*o - 3*o - 3 = -5*r, 2*o - v*r - 3 = 0. Let k(y) = y + 2. Calculate k(o).
-4
Let w(q) = q**3 + 14*q**2 - 13*q + 10. Let v(i) = i**2 + 10*i - 390. Let y be v(15). Give w(y).
-20
Let d(t) = t**3 + 2*t + 3. Suppose 217*w - 236*w + 57 = 0. Give d(w).
36
Suppose -3*k - 5*h + 2 = -5, 23 = 5*k - 3*h. Suppose 3*m - k*t = 8, -4*t - 12 = 4*m - 4. Let q(u) = u + 7. Calculate q(m).
7
Let h = 25 + 11. Let x be 38/(-8) - 9/h. Let i(w) = w**3 + 6*w**2 + 6*w + 7. What is i(x)?
2
Suppose 0*g + 3*g = 225. Let w(t) = 76 - 3*t - g + 4*t. Let f be 4/6*6/(-4). Give w(f).
0
Let z(t) = t**3 - 16*t**2 - 17*t**2 + 3*t + 4 - 17*t**2 + 45*t**2. Let p be 6/(-8) + (-23)/(-4). Let k = -2 + p. Calculate z(k).
-5
Let v be (-22)/5 + (-12)/20. Let y(h) = -3*h - 9. Let x be y(v). Let u(d) = d**3 - 7*d**2 + 7*d + 2. Calculate u(x).
8
Let y(l) = -l**3 + 4*l**2 + 6*l + 3. Let m = 19 + -14. Suppose c - m*j = -c, -3*c + 23 = 4*j. Determine y(c).
8
Let x(n) = 688*n - 208. Let r(i) = 10*i - 3. Let v(w) = -416*r(w) + 6*x(w). Determine v(-1).
32
Let b = -2 - 0. Let l = b + 4. Let s(k) = k**2 + k - 1. Let r(u) = 8*u**2 + u - 2. Let j(f) = -r(f) + 4*s(f). What is j(l)?
-12
Suppose -3*o + 23 = 6*i - i, -2*o = -4*i + 14. Let h be (o - 0)/((-6)/24). Let v be (10/h)/((-4)/(-8)). Let n(b) = b**3 + 5*b**2 - b. What is n(v)?
5
Let x(j) = -19*j + 1. Let k(i) = 40*i - 2. Let z(d) = -4*k(d) - 9*x(d). Give z(1).
10
Suppose 44*a = 47*a + 9. Suppose -3*y = -d + 14, 4*y + 14 = 5*d - 12. Let k(b) = b**d - 1 - 1 - 2*b + 4*b. Calculate k(a).
1
Let d(z) = z - 4. Let o = 16 + -11. Let p(h) = -3 - 6*h + 2*h + o*h. Let q(b) = 3*d(b) - 4*p(b). Calculate q(-6).
6
Let m(x) be the second derivative of x**5/20 - x**4/12 - x**3/6 - x**2 + 18*x - 6. What is m(3)?
13
Let i(l) = -7*l**2 + 3. Let d be i(0). Let h(b) be the first derivative of -b + 5/3*b**d - 3 + 5/2*b**2 + 1/4*b**4. What is h(-4)?
-5
Let w = 16 - 17. Let m(f) be the first derivative of f**3/3 - f**2/2 + f + 1. Let g(b) = -b**3 + 12*b**2 - 6*b + 4. Let o(d) = w*g(d) + 6*m(d). Calculate o(6).
2
Let b(u) = -615 + 308 + 304 + u**2 - 7*u**2 + 4*u + u**3. What is b(6)?
21
Let c = -181 + 95. Let v = c + 79. Let a(y) = y - 1. What is a(v)?
-8
Let n(v) = 3*v**3 + 8*v**2 + 9*v - 11. Let m(l) = -l**3 + l**2 - 10*l + 2. Let c(d) = -2*m(d) - n(d). What is c(-11)?
7
Let r = -99 + 60. Let j = r + 33. Let s(n) = -n**3 - 6*n**2 + n + 1. Calculate s(j).
-5
Let u(l) be the first derivative of l**4/24 + l**3/6 - 13*l**2/2 - 5. Let r(h) be the second derivative of u(h). Let q = 2 + 0. Determine r(q).
3
Let y(s) = -s + 2. Let p = 14 + -12. Let d(m) = -11*m + 1 - m**p + 2 + 2*m - 5. Let l be d(-8). Give y(l).
-4
Let w(m) be the second derivative of -1/2*m**2 + 0 - 12*m - 1/6*m**3. Give w(3).
-4
Let l(k) be the third derivative of 0 - 17*k**2 + 1/30*k**5 + 1/8*k**4 + 0*k + 1/6*k**3. Let n be (-2)/((-3*1)/(-3)). Give l(n).
3
Let c(l) be the first derivative of l**2/2 + 3*l - 205. What is c(-5)?
-2
Let o(n) = 2*n**2 + 4*n - 7. Let k be (-3)/(-6) - (-12)/8. Let b(d) = -d**2 - 3*d + 6. Let u(h) = k*o(h) + 3*b(h). Determine u(0).
4
Let g = -27 - -31. Suppose -g*f + 2 = 5*d + 6, -f + d + 8 = 0. Let k(v) = v + 5. Let x(b) = -2*b - 6. Let p(z) = 3*k(z) + 2*x(z). Calculate p(f).
-1
Suppose 96*m - 391 + 1543 = 0. Let i(r) = r**3 + 11*r**2 - 14*r - 28. Determine i(m).
-4
Let i(d) = 10*d - 15*d - 26 + 18 + d**2. Give i(5).
-8
Let s(n) = -n**2 - n + 2. Suppose -8 = 3*u - 17. Let x be 6*1/(-6)*u. What is s(x)?
-4
Let y(r) be the first derivative of -r**3/6 + 8*r**2 - 4*r - 13. Let m(f) be the first derivative of y(f). Give m(7).
9
Let l(s) = -29*s - 13. Let c be l(-3). Let g = c + -83. Let x(f) = -f**3 - 10*f**2 - 8*f - 1. Calculate x(g).
-10
Let r be (385/75 - 6/45) + -3. Let a(q) be the first derivative of -2*q + 1/2*q**r + 0*q**3 + 1/4*q**4 + 5. Calculate a(2).
8
Suppose 2*o + 0*o + 3*m + 1 = 0, 0 = -2*m - 2. Let q(y) = 6*y**3 + y**2 - 2*y. Let a(k) = -12*k**3 - k**2 + 3*k. Let r(w) = 3*a(w) + 5*q(w). Determine r(o).
-5
Let z(r) = r**2 - r - 2. Let w be -8*-2*(-2)/(-16). Let y be 4/(w + -1) - 0. Suppose y*q + 3*d - 6 = -q, 5*q - d + 2 = 0. What is z(q)?
-2
Let k(t) = t**3 + 5*t**2 + 6*t + 1. Let v be 1*6/1 + -10. Determine k(v).
-7
Let a(o) be the third derivative of -1/6*o**3 + 1/24*o**4 + 19*o**2 + 0*o + 1/30*o**5 + 0. Let k(g) = g**2 + 6*g - 2. Let m be k(-6). Calculate a(m).
5
Let u(b) = 4*b**3. Suppose -4*w - 64 = -4*g, 2*g = -6*w + 2*w + 20. Let o = 19 - g. Suppose 4*f - 9*f - o = 0. Determine u(f).
-4
Let g = 233 + -231. Suppose 0 = -4*a - 4*h + 8, -3*a - 10 = -0*a - 5*h. Let n(c) = c + a*c + g - c - 2*c. Calculate n(3).
-4
Let x(y) be the first derivative of -y**3/6 + 7*y**2 - 4*y - 36. Let g(b) be the first derivative of x(b). What is g(14)?
0
Suppose -11*c +